80559?
5
What is the millions digit of 7836060144?
6
What is the tens digit of 1789660655?
5
What is the hundred millions digit of 5022414613?
0
What is the ten thousands digit of 94626279?
2
What is the hundreds digit of 29204013?
0
What is the millions digit of 143358210?
3
What is the ten millions digit of 230399581?
3
What is the ten thousands digit of 15885470?
8
What is the thousands digit of 489930430?
0
What is the tens digit of 1387367787?
8
What is the millions digit of 31603567?
1
What is the thousands digit of 1030531423?
1
What is the millions digit of 1101936517?
1
What is the ten millions digit of 3220687918?
2
What is the thousands digit of 330102279?
2
What is the hundreds digit of 1745467625?
6
What is the tens digit of 46406367?
6
What is the thousands digit of 20313501?
3
What is the ten thousands digit of 2607815407?
1
What is the ten thousands digit of 2557237?
5
What is the ten thousands digit of 74494015?
9
What is the tens digit of 105456298?
9
What is the units digit of 55006361?
1
What is the tens digit of 836702151?
5
What is the millions digit of 2195104532?
5
What is the thousands digit of 135144839?
4
What is the hundred thousands digit of 328169169?
1
What is the tens digit of 260476437?
3
What is the billions digit of 2302115518?
2
What is the ten millions digit of 347760529?
4
What is the thousands digit of 60449218?
9
What is the ten thousands digit of 130914130?
1
What is the units digit of 4197442467?
7
What is the hundreds digit of 30435531?
5
What is the ten millions digit of 48452935?
4
What is the hundred thousands digit of 387012064?
0
What is the millions digit of 1210778899?
0
What is the hundreds digit of 6918115?
1
What is the millions digit of 3143302642?
3
What is the hundred millions digit of 379799251?
3
What is the tens digit of 238940305?
0
What is the units digit of 262818102?
2
What is the hundreds digit of 3720802?
8
What is the hundred thousands digit of 986160456?
1
What is the tens digit of 2815271702?
0
What is the hundred thousands digit of 71984378?
9
What is the units digit of 227238845?
5
What is the thousands digit of 5027769230?
9
What is the units digit of 60539437?
7
What is the units digit of 43534855?
5
What is the hundreds digit of 158174872?
8
What is the millions digit of 71322115?
1
What is the hundred thousands digit of 384101898?
1
What is the millions digit of 1426091681?
6
What is the thousands digit of 336156950?
6
What is the ten thousands digit of 2066723?
6
What is the ten millions digit of 1572842798?
7
What is the hundreds digit of 1455219518?
5
What is the millions digit of 27110824?
7
What is the hundreds digit of 57572471?
4
What is the hundreds digit of 272431457?
4
What is the units digit of 325358127?
7
What is the ten millions digit of 2105834981?
0
What is the units digit of 2719557625?
5
What is the thousands digit of 416116194?
6
What is the thousands digit of 8513074?
3
What is the hundreds digit of 30037388?
3
What is the thousands digit of 393481891?
1
What is the hundred millions digit of 324877232?
3
What is the thousands digit of 676562947?
2
What is the units digit of 5694958705?
5
What is the hundred millions digit of 117419778?
1
What is the thousands digit of 375906659?
6
What is the ten thousands digit of 205492589?
9
What is the ten thousands digit of 364959974?
5
What is the millions digit of 470328334?
0
What is the ten thousands digit of 541700575?
0
What is the thousands digit of 137877421?
7
What is the ten thousands digit of 193087734?
8
What is the tens digit of 2332608813?
1
What is the tens digit of 474370432?
3
What is the millions digit of 8161493?
8
What is the ten thousands digit of 4859076382?
7
What is the ten thousands digit of 3216974451?
7
What is the ten thousands digit of 35356941?
5
What is the hundreds digit of 765989112?
1
What is the hundreds digit of 66946300?
3
What is the hundred thousands digit of 715457194?
4
What is the ten thousands digit of 82672434?
7
What is the thousands digit of 1844519588?
9
What is the thousands digit of 571591167?
1
What is the thousands digit of 2887308211?
8
What is the hundreds digit of 2181736003?
0
What is the ten millions digit of 103369678?
0
What is the hundred thousands digit of 23076044?
0
What is the tens digit of 10442114?
1
What is the thousands digit of 226923997?
3
What is the billions digit of 6119105661?
6
What is the hundred thousands digit of 432856528?
8
What is the tens digit of 5650150555?
5
What is the hundreds digit of 1771746539?
5
What is the thousands digit of 435569024?
9
What is the hundreds digit of 104051212?
2
What is the ten thousands digit of 161393479?
9
What is the hundred thousands digit of 14684351?
6
What is the ten thousands digit of 395761131?
6
What is the tens digit of 130528867?
6
What is the hundreds digit of 389672955?
9
What is the hundred thousands digit of 85914648?
9
What is the tens digit of 92969912?
1
What is the ten millions digit of 556445990?
5
What is the hundreds digit of 401948373?
3
What is the ten thousands digit of 3505098435?
9
What is the hundreds digit of 982330319?
3
What is the ten thousands digit of 276328540?
2
What is the ten thousands digit of 254086159?
8
What is the ten thousands digit of 524729617?
2
What is the units digit of 1828090017?
7
What is the hundred millions digit of 225174393?
2
What is the hundreds digit of 1216990300?
3
What is the hundred thousands digit of 265039088?
0
What is the units digit of 28459046?
6
What is the ten millions digit of 357906688?
5
What is the thousands digit of 2665660876?
0
What is the ten thousands digit of 14024524?
2
What is the millions digit of 369986703?
9
What is the ten millions digit of 55562099?
5
What is the ten millions digit of 177367175?
7
What is the units digit of 49589634?
4
What is the ten thousands digit of 621999762?
9
What is the tens digit of 58116927?
2
What is the tens digit of 4426138316?
1
What is the thousands digit of 1095944033?
4
What is the ten thousands digit of 226195313?
9
What is the tens digit of 137822093?
9
What is the hundred millions digit of 1426175307?
4
What is the hundreds digit of 35493297?
2
What is the hundred millions digit of 262731242?
2
What is the thousands digit of 122497099?
7
What is the hundreds digit of 54015646?
6
What is the hundreds digit of 9996694?
6
What is the ten millions digit of 649786394?
4
What is the hundred thousands digit of 10288004?
2
What is the units digit of 2657465089?
9
What is the tens digit of 2497346?
4
What is the tens digit of 1630121077?
7
What is the millions digit of 556086232?
6
What is the units digit of 102592530?
0
What is the hundred millions digit of 2109051669?
1
What is the tens digit of 31805931?
3
What is the thousands digit of 54192986?
2
What is the hundreds digit of 2635168217?
2
What is the tens digit of 20719963?
6
What is the ten thousands digit of 119107036?
0
What is the thousands digit of 2292272357?
2
What is the millions digit of 27270234?
7
What is the millions digit of 1068019818?
8
What is the tens digit of 360389135?
3
What is the ten thousands digit of 5301505171?
0
What is the ten millions digit of 733263815?
3
What is the units digit of 42153425?
5
What is the ten millions digit of 1376420110?
7
What is the ten millions digit of 727069033?
2
What is the thousands digit of 751719730?
9
What is the ten millions digit of 338115223?
3
What is the hundred thousands digit of 3229118487?
1
What is the hundred millions digit of 971008791?
9
What is the hundreds digit of 1189178501?
5
What is the hundred millions digit of 3907208309?
9
What is the thousands digit of 73188120?
8
What is the ten millions digit of 56632392?
5
What is the hundred thousands digit of 40779680?
7
What is the ten thousands digit of 93656858?
5
What is the units digit of 80807867?
7
What is the millions digit of 32534804?
2
What is the hundred thousands digit of 288310100?
3
What is the thousands digit of 1377871980?
1
What is the units digit of 1975338?
8
What is the tens digit of 185060157?
5
What is the hundred thousands digit of 8176717?
1
What is the millions digit of 240486976?
0
What is the hundreds digit of 156013836?
8
What is the hundred thousands digit of 36684315?
6
What is the 